{"id":58,"date":"2020-01-09T06:42:48","date_gmt":"2020-01-09T06:42:48","guid":{"rendered":"https:\/\/labtech-erhverv.dk.linux5.unoeuro-server.com\/?page_id=58"},"modified":"2025-05-28T10:56:16","modified_gmt":"2025-05-28T10:56:16","slug":"about","status":"publish","type":"page","link":"https:\/\/labtech-erhverv.dk\/?page_id=58","title":{"rendered":"About"},"content":{"rendered":"\t\t<div data-elementor-type=\"wp-page\" data-elementor-id=\"58\" class=\"elementor elementor-58\" data-elementor-post-type=\"page\">\n\t\t\t\t<div class=\"aux-parallax-section elementor-element elementor-element-11896c9 e-flex e-con-boxed e-con e-parent\" data-id=\"11896c9\" data-element_type=\"container\" data-settings=\"{&quot;background_background&quot;:&quot;gradient&quot;}\">\n\t\t\t\t\t<div class=\"e-con-inner\">\n\t\t<div class=\"elementor-element elementor-element-0902b38 e-con-full e-flex e-con e-child\" data-id=\"0902b38\" data-element_type=\"container\" data-settings=\"{&quot;background_background&quot;:&quot;classic&quot;}\">\n\t\t\t\t<div class=\"elementor-element elementor-element-e7afc51 aux-appear-watch-animation aux-fade-in-up-1 elementor-widget elementor-widget-aux_modern_heading\" data-id=\"e7afc51\" data-element_type=\"widget\" data-widget_type=\"aux_modern_heading.default\">\n\t\t\t\t<div class=\"elementor-widget-container\">\n\t\t\t\t\t<section class=\"aux-widget-modern-heading\">\n            <div class=\"aux-widget-inner\"><h3 class=\"aux-modern-heading-primary\">Labtech Erhverv A\/S<\/h3><div class=\"aux-modern-heading-description\"><p><strong>We make IT secure<\/strong><\/p><\/div><\/div>\n        <\/section>\t\t\t\t<\/div>\n\t\t\t\t<\/div>\n\t\t\t\t<div class=\"elementor-element elementor-element-ea59e61 elementor-widget elementor-widget-text-editor\" data-id=\"ea59e61\" data-element_type=\"widget\" data-widget_type=\"text-editor.default\">\n\t\t\t\t<div class=\"elementor-widget-container\">\n\t\t\t\t\t\t\t\t\t<div class=\"wpb_text_column wpb_content_element vc_custom_1580378553989\"><div class=\"wpb_wrapper\"><p>Labtech Erhverv er en del af den landsd\u00e6kkende koncern Labtech Data A\/S.<\/p><p>Igennem mere end 25 \u00e5r har vi m\u00e5lrettet arbejdet frem imod at blive SMB markedets foretrukne Managed Security Service Provider (MSSP).<\/p><p>Cyber crime er i voldsom v\u00e6kst og bliver stadigt mere og mere sofistikeret.<\/p><p>IT-Security og Privacy er blevet s\u00e5 kompleks en opgave, at det med fordel kan varetages af eksterne eksperter, der har specialiseret sig i det.<\/p><p>Og det er her, vi passer ind i jeres virksomhed!<\/p><\/div><\/div><div class=\"vc_row wpb_row vc_inner vc_row-fluid\"><div class=\"wpb_column vc_column_container vc_col-sm-12\"><div class=\"vc_column-inner\"><div class=\"wpb_wrapper\"><div class=\"vc_custom_heading no_stripe vc_custom_1580378627371 text_align_left\"><h4><br \/>Vores mission<\/h4><\/div><div class=\"wpb_text_column wpb_content_element \"><div class=\"wpb_wrapper\"><ul><li>Labtech Erhverv leverer funktionelle og fremtidssikrede Full Service Sikkerhedsl\u00f8sninger til virksomheder i alle former og st\u00f8rrelser med et strejf af personalisering, der garanterer ideelle l\u00f8sninger til vores kunders unikke behov.<\/li><li>Labtech Erhverv str\u00e6ber efter sikre alle brugere, alle klienter og al data under solen, s\u00e5 I i stedet kan koncentrere jer om at g\u00f8re det, som I selv br\u00e6nder for.<\/li><\/ul><\/div><\/div><\/div><\/div><\/div><\/div>\t\t\t\t\t\t\t\t<\/div>\n\t\t\t\t<\/div>\n\t\t\t\t<div class=\"elementor-element elementor-element-f08761f elementor-widget elementor-widget-spacer\" data-id=\"f08761f\" data-element_type=\"widget\" data-widget_type=\"spacer.default\">\n\t\t\t\t<div class=\"elementor-widget-container\">\n\t\t\t\t\t\t\t<div class=\"elementor-spacer\">\n\t\t\t<div class=\"elementor-spacer-inner\"><\/div>\n\t\t<\/div>\n\t\t\t\t\t\t<\/div>\n\t\t\t\t<\/div>\n\t\t<div class=\"elementor-element elementor-element-ffa6a47 e-grid e-con-full e-con e-child\" data-id=\"ffa6a47\" data-element_type=\"container\">\n\t\t\t\t<div class=\"elementor-element elementor-element-cae97be elementor-widget elementor-widget-image\" data-id=\"cae97be\" data-element_type=\"widget\" data-widget_type=\"image.default\">\n\t\t\t\t<div class=\"elementor-widget-container\">\n\t\t\t\t\t\t\t\t\t\t\t\t\t\t\t<img fetchpriority=\"high\" decoding=\"async\" width=\"768\" height=\"768\" src=\"https:\/\/labtech-erhverv.dk\/wp-content\/uploads\/2025\/05\/AdobeStock_1055200957-768x768.png\" class=\"attachment-medium_large size-medium_large wp-image-482\" alt=\"\" srcset=\"https:\/\/labtech-erhverv.dk\/wp-content\/uploads\/2025\/05\/AdobeStock_1055200957-768x768.png 768w, https:\/\/labtech-erhverv.dk\/wp-content\/uploads\/2025\/05\/AdobeStock_1055200957-300x300.png 300w, https:\/\/labtech-erhverv.dk\/wp-content\/uploads\/2025\/05\/AdobeStock_1055200957-1024x1024.png 1024w, https:\/\/labtech-erhverv.dk\/wp-content\/uploads\/2025\/05\/AdobeStock_1055200957-150x150.png 150w\" sizes=\"(max-width: 768px) 100vw, 768px\" \/>\t\t\t\t\t\t\t\t\t\t\t\t\t\t\t<\/div>\n\t\t\t\t<\/div>\n\t\t\t\t<\/div>\n\t\t\t\t<\/div>\n\t\t\t\t\t<\/div>\n\t\t\t\t<\/div>\n\t\t\t\t<\/div>\n\t\t","protected":false},"excerpt":{"rendered":"<p>Labtech Erhverv A\/S We make IT secure Labtech Erhverv er en del af den landsd\u00e6kkende koncern Labtech Data A\/S. Igennem mere end 25 \u00e5r har vi m\u00e5lrettet arbejdet frem imod at blive SMB markedets foretrukne Managed Security Service Provider (MSSP). Cyber crime er i voldsom v\u00e6kst og bliver stadigt mere og mere sofistikeret. IT-Security og [&hellip;]<\/p>\n","protected":false},"author":1,"featured_media":0,"parent":0,"menu_order":0,"comment_status":"closed","ping_status":"closed","template":"templates\/page-builder-content.php","meta":{"inline_featured_image":false,"footnotes":""},"class_list":["post-58","page","type-page","status-publish","hentry"],"_links":{"self":[{"href":"https:\/\/labtech-erhverv.dk\/index.php?rest_route=\/wp\/v2\/pages\/58","targetHints":{"allow":["GET"]}}],"collection":[{"href":"https:\/\/labtech-erhverv.dk\/index.php?rest_route=\/wp\/v2\/pages"}],"about":[{"href":"https:\/\/labtech-erhverv.dk\/index.php?rest_route=\/wp\/v2\/types\/page"}],"author":[{"embeddable":true,"href":"https:\/\/labtech-erhverv.dk\/index.php?rest_route=\/wp\/v2\/users\/1"}],"replies":[{"embeddable":true,"href":"https:\/\/labtech-erhverv.dk\/index.php?rest_route=%2Fwp%2Fv2%2Fcomments&post=58"}],"version-history":[{"count":15,"href":"https:\/\/labtech-erhverv.dk\/index.php?rest_route=\/wp\/v2\/pages\/58\/revisions"}],"predecessor-version":[{"id":492,"href":"https:\/\/labtech-erhverv.dk\/index.php?rest_route=\/wp\/v2\/pages\/58\/revisions\/492"}],"wp:attachment":[{"href":"https:\/\/labtech-erhverv.dk\/index.php?rest_route=%2Fwp%2Fv2%2Fmedia&parent=58"}],"curies":[{"name":"wp","href":"https:\/\/api.w.org\/{rel}","templated":true}]}}